 thousands digit of 1208?
1
What is the thousands digit of 7983?
7
What is the units digit of 9?
9
What is the hundreds digit of 57185?
1
What is the thousands digit of 1790?
1
What is the hundreds digit of 27425?
4
What is the units digit of 2017?
7
What is the units digit of 14077?
7
What is the hundreds digit of 271?
2
What is the hundreds digit of 18900?
9
What is the units digit of 5659?
9
What is the thousands digit of 3785?
3
What is the thousands digit of 2652?
2
What is the hundreds digit of 44480?
4
What is the hundreds digit of 187?
1
What is the hundreds digit of 31189?
1
What is the units digit of 1855?
5
What is the hundreds digit of 2112?
1
What is the tens digit of 1041?
4
What is the ten thousands digit of 30022?
3
What is the tens digit of 2243?
4
What is the units digit of 68?
8
What is the hundreds digit of 825?
8
What is the units digit of 14164?
4
What is the units digit of 7914?
4
What is the units digit of 1674?
4
What is the thousands digit of 4860?
4
What is the ten thousands digit of 44998?
4
What is the tens digit of 12451?
5
What is the units digit of 18964?
4
What is the tens digit of 702?
0
What is the hundreds digit of 3600?
6
What is the thousands digit of 70768?
0
What is the units digit of 4664?
4
What is the thousands digit of 5570?
5
What is the tens digit of 2211?
1
What is the thousands digit of 27643?
7
What is the thousands digit of 2452?
2
What is the hundreds digit of 837?
8
What is the tens digit of 4993?
9
What is the tens digit of 18147?
4
What is the tens digit of 1214?
1
What is the tens digit of 819?
1
What is the tens digit of 1778?
7
What is the units digit of 5132?
2
What is the ten thousands digit of 21787?
2
What is the hundreds digit of 8140?
1
What is the hundreds digit of 2376?
3
What is the units digit of 681?
1
What is the tens digit of 12?
1
What is the units digit of 3959?
9
What is the thousands digit of 5361?
5
What is the hundreds digit of 995?
9
What is the thousands digit of 5943?
5
What is the thousands digit of 44181?
4
What is the thousands digit of 3261?
3
What is the hundreds digit of 88924?
9
What is the hundreds digit of 14461?
4
What is the hundreds digit of 10828?
8
What is the units digit of 132?
2
What is the thousands digit of 3289?
3
What is the thousands digit of 18173?
8
What is the thousands digit of 122922?
2
What is the thousands digit of 1670?
1
What is the thousands digit of 6513?
6
What is the units digit of 503?
3
What is the units digit of 40?
0
What is the hundreds digit of 30158?
1
What is the ten thousands digit of 46287?
4
What is the units digit of 2167?
7
What is the thousands digit of 6865?
6
What is the hundreds digit of 3485?
4
What is the units digit of 1633?
3
What is the thousands digit of 1820?
1
What is the thousands digit of 6590?
6
What is the units digit of 3313?
3
What is the units digit of 48633?
3
What is the units digit of 856?
6
What is the hundreds digit of 4045?
0
What is the units digit of 90?
0
What is the tens digit of 552?
5
What is the units digit of 2549?
9
What is the ten thousands digit of 19985?
1
What is the units digit of 8161?
1
What is the tens digit of 1300?
0
What is the hundreds digit of 253?
2
What is the tens digit of 2098?
9
What is the thousands digit of 11858?
1
What is the units digit of 51872?
2
What is the hundreds digit of 104480?
4
What is the ten thousands digit of 133298?
3
What is the thousands digit of 2016?
2
What is the thousands digit of 3025?
3
What is the tens digit of 8311?
1
What is the hundreds digit of 105130?
1
What is the tens digit of 273?
7
What is the units digit of 45649?
9
What is the hundreds digit of 4273?
2
What is the hundreds digit of 20914?
9
What is the ten thousands digit of 18680?
1
What is the tens digit of 397?
9
What is the hundreds digit of 1247?
2
What is the thousands digit of 1854?
1
What is the hundreds digit of 2240?
2
What is the ten thousands digit of 10264?
1
What is the tens digit of 3896?
9
What is the units digit of 241?
1
What is the hundreds digit of 805?
8
What is the units digit of 8525?
5
What is the units digit of 16624?
4
What is the hundreds digit of 22331?
3
What is the tens digit of 402?
0
What is the thousands digit of 79134?
9
What is the units digit of 22913?
3
What is the thousands digit of 16413?
6
What is the hundreds digit of 217?
2
What is the tens digit of 4500?
0
What is the units digit of 180?
0
What is the thousands digit of 1443?
1
What is the units digit of 35588?
8
What is the ten thousands digit of 33865?
3
What is the hundreds digit of 3097?
0
What is the ten thousands digit of 35955?
3
What is the units digit of 836?
6
What is the tens digit of 4735?
3
What is the ten thousands digit of 44003?
4
What is the tens digit of 33564?
6
What is the hundreds digit of 1115?
1
What is the units digit of 50?
0
What is the thousands digit of 9915?
9
What is the hundreds digit of 118291?
2
What is the hundreds digit of 33177?
1
What is the hundreds digit of 3273?
2
What is the tens digit of 1991?
9
What is the units digit of 3760?
0
What is the units digit of 1983?
3
What is the tens digit of 829?
2
What is the units digit of 8?
8
What is the thousands digit of 1520?
1
What is the ten thousands digit of 28105?
2
What is the thousands digit of 3458?
3
What is the hundreds digit of 761?
7
What is the units digit of 501?
1
What is the ten thousands digit of 165487?
6
What is the tens digit of 27407?
0
What is the tens digit of 474?
7
What is the ten thousands digit of 35568?
3
What is the ten thousands digit of 15575?
1
What is the tens digit of 17556?
5
What is the tens digit of 93?
9
What is the thousands digit of 3484?
3
What is the thousands digit of 140007?
0
What is the units digit of 5850?
0
What is the tens digit of 92?
9
What is the units digit of 3778?
8
What is the hundreds digit of 398?
3
What is the units digit of 3124?
4
What is the units digit of 13076?
6
What is the thousands digit of 83940?
3
What is the units digit of 40023?
3
What is the thousands digit of 20900?
0
What is the units digit of 977?
7
What is the thousands digit of 22593?
2
What is the units digit of 6089?
9
What is the units digit of 19705?
5
What is the tens digit of 8499?
9
What is the units digit of 1013?
3
What is the hundreds digit of 4186?
1
What is the tens digit of 942?
4
What is the ten thousands digit of 27462?
2
What is the units digit of 457?
7
What is the units digit of 781?
1
What is the units digit of 6201?
1
What is the tens digit of 78200?
0
What is the hundreds digit of 643?
6
What is the hundreds digit of 48679?
6
What is the hundreds digit of 28799?
7
What is the hundreds digit of 17767?
7
What is the tens digit of 6577?
7
What is the tens digit of 64634?
3
What is the units digit of 643?
3
What is the ten thousands digit of 13727?
1
What is the hundreds digit of 2441?
4
What is the units digit of 119693?
3
What is the thousands digit of 4843?
4
What is the ten thousands digit of 23108?
2
What is the thousands digit of 1172?
1
What is the hundreds digit of 8533?
5
What is the tens digit of 5804?
0
What is the thousands digit of 1509?
1
What is the hundreds digit of 8832?
8
What is the hundreds digit of 5037?
0
What is the units digit of 159581?
1
What is the hundreds digit of 9573?
5
What is the tens digit of 4786?
8
What is the units digit of 120?
0
What is the thousands digit of 2097?
2
What is the thousands digit of 3944?
3
What is the units digit of 15406?
6
What is the tens digit of 18725?
2
What is the tens digit of 192?
9
What is the tens digit of 1428?
2
What is the thousands digit of 23579?
3
What is the thousands digit of 4990?
4
What is the thousands digit of 1067?
1
What is the hundreds digit of 1166?
1
What is the units digit of 58?
8
What is the thousands digit of 17442?
7
What is the tens digit of 17672?
7
What is the thousands digit of 15449?
5
What is the units digit of 2199?
9
What is the tens digit of 44756?
5
What is the tens digit of 2655?
5
What is the units digit of 184?
4
What is the hundreds digit of 3385?
3
What is the units digit of 6839?
9
What is the hundreds digit of 3531?
5
What is the tens digit of 77941?
4
What is the tens digit of 4029?
2
What is the units digit of 139143?
3
What is the thousands digit of 8085?